5
What is (-2 + -4 - -1) + -4 - -3?
-6
What is (0 - -1) + -69 + 77?
9
2 - 0 - (2 - 0)
0
What is the value of (3 - 8) + -8 + 19?
6
What is (0 - 1) + 0 + -2 + 4?
1
-7 + 0 + (11 - 7)
-3
-2 + (-4 - -6) + 1 + -4
-3
What is 2 + (3 + 0 - 3)?
2
What is 0 + 0 + 4 - 7?
-3
11 - (-11 + 9) - 13
0
Calculate (3 - -3) + -4 - 4 - -3.
1
2 + -5 + 14 + -11 + -3
-3
-5 + -19 + 17 + 9 + -1
1
What is the value of -1 + (3 + -2 - (0 - 2))?
2
3 + -8 + 2 - -9
6
What is the value of 3 + (7 - 10) + 1 + 1?
2
Calculate (10 - (-3 - -6)) + -8.
-1
What is the value of -1 + 0 + 3 + -4 + 3?
1
Evaluate 13 + 2 + -1 + -3 + -2.
9
What is -2 + 7 - 1 - 5?
-1
What is 1 + 4 + -2 + -2?
1
Evaluate 1 - 3 - (-6 - -3).
1
What is the value of -3 + -11 + 26 - 11?
1
What is the value of -5 - (-8 + -9 + 4)?
8
Evaluate 7 + -12 + (-6 - -3).
-8
What is 4 - ((-2 - -10) + -1)?
-3
Evaluate -11 + 0 + 3 + -16 + 17.
-7
Evaluate 5 + -14 - -1 - -15.
7
Evaluate 8 + -2 - -2 - 5 - -7.
10
-4 + 1 + 4 + 1
2
(3 - (-2 + 4)) + 0
1
Calculate -10 + 6 - (-1 + -2 + 1).
-2
Evaluate 4 - (-1 + 7 + (-7 - -3)).
2
What is the value of -5 + (4 - (5 - (0 - -3)))?
-3
Calculate (2 + 1 - -11) + 1 - 6.
9
What is 0 - (0 + -2 - (-7 + 6))?
1
Calculate (-35 - -37) + (3 - 2).
3
What is (10 - 1) + (108 - 109)?
8
What is the value of (-2 - (0 + -1)) + -1?
-2
Evaluate -17 - -20 - (1 + 1 + -2).
3
What is the value of -1 - (0 + 4) - (-44 + 39)?
0
Evaluate 0 - 2 - -4 - -3 - 9.
-4
-2 - ((0 - (-5 - -2)) + -6)
1
-2 - 6 - -10 - (-1 + 0)
3
What is the value of 7 + -2 + 7 - 13?
-1
Calculate (23 - (16 + -2)) + -5.
4
What is -7 + 1 + (-10 - (-22 + 15))?
-9
What is the value of 0 - -3 - (-5 - -19 - 15)?
4
Evaluate 6 + 2 + -4 + -3 + -1.
0
9 + (-4 - (8 + -11))
8
What is the value of 4 - (-3 + 0 + 3)?
4
Calculate -6 - (-1 - -4 - 6) - -7.
4
What is -4 + -4 - (15 + -19)?
-4
What is 0 - (3 + -1 + 2 + -2)?
-2
What is 0 + -11 + 3 + 3?
-5
What is 1 - -7 - 7 - (-1 - 0)?
2
Calculate 4 - (0 + 2 + 6 + -3).
-1
What is 8 + (-7 - 10) + 7?
-2
1 + -2 - (0 - -3)
-4
What is the value of -1 + 12 - 4 - (1 + 4)?
2
(-18 - -1) + (72 - 65)
-10
Evaluate 3 + -4 + (-15 - -13).
-3
What is the value of -4 + 9 - (-10 + 4 + 5)?
6
What is -3 - (9 + -10) - (-1 - 1)?
0
Calculate (-6 - (3 + -9)) + 3.
3
Calculate 6 - ((-1 - 6) + 19).
-6
What is 1 + (0 - 1) - (-75 + 78)?
-3
12 - (-4 + 0 - -12)
4
Calculate 1 + -3 + 8 + -5.
1
What is (0 - 3) + -2 + -4 + 5?
-4
Evaluate -24 - (-12 - -1) - -5.
-8
Evaluate (-1 - -4) + 8 + -8 + -1.
2
Calculate (-6 - 0 - -1) + (-2 - 0).
-7
What is -4 + (2 - -4 - (2 + -1))?
1
-3 + 0 - (-4 - -4) - -1
-2
4 + -18 + 10 + -4
-8
What is the value of 8 + 2 + -3 + -2?
5
What is the value of -7 + (8 - 15 - -5)?
-9
Evaluate 6 - (3 + 0) - 10.
-7
What is the value of -33 + 31 - (0 - -17) - -8?
-11
What is the value of 0 + -4 - (8 + -7)?
-5
Evaluate -7 + 11 + -6 + 8.
6
What is 2 - 2 - (-13 + 12 + 6)?
-5
What is 0 - 4 - (2 - 5)?
-1
What is 3 + (-8 + 4 - (-8 - -3))?
4
Calculate (0 - -2) + 7 + -3 + -1.
5
(-2 + -2 - (4 + -5)) + 5
2
-14 - -13 - (4 + 0)
-5
What is the value of 10 + 6 + -3 + -24?
-11
Calculate 6 + 0 + -5 + (-1 - -1).
1
Evaluate (52 - 65) + 2 + 4 + 0.
-7
(1 - -2 - 3) + -2
-2
What is the value of (-6 - 6) + 15 - (-2 + 9)?
-4
What is the value of (-6 - (5 + -14)) + -6?
-3
-2 + 0 - (-36 - -30)
4
What is -17 + (9 - -2) + 14 + 0?
8
Evaluate 2 - (1 + -3 - (-4 + 0)).
0
What is -2 + 0 - (14 + -14)?
-2
What is the value of -2 + -1 + (2 + -4 - -6)?
1
-6 + (-6 - -11 - -5)
4
Calculate -1 + (-3 - -14) + -6.
4
What is -6 + 8 + -4 + 0?
-2
(-2 - 1 - 1) + (9 - 8)
-3
Evaluate (1 - 2) + (0 - (5 + -2)).
-4
Evaluate ((3 - 5) + -3 - 1) + 3.
-3
Evaluate 0 - (-3 - -11 - 10).
2
What is the value of 0 - ((-8 - -3) + 3)?
2
(-25 - -26) + (0 - -1)
2
-13 - -18 - (1 - 0)
4
Calculate -1 + 2 + -1 + (0 - 0).
0
What is 4 - (5 + -4 - -2)?
1
What is the value of -8 + (8 - 3) + -1 + -2?
-6
(6 - 9 - 5) + (3 - -1)
-4
Evaluate (-21 - -23) + (-7 - -2).
-3
Evaluate -19 + 12 + 5 + 0.
-2
Evaluate 5 + -13 + (9 - 4).
-3
Evaluate -3 - (-3 - -2) - -7.
5
2 + (-4 - 0 - -3 - 4)
-3
What is (1 + -3 - -1 - -1) + -8?
-8
Calculate -2 - -3 - 3 - -1 - -1.
0
(-1 - -2) + -5 - (4 - 3)
-5
Calculate 2 + -7 - (19 + -17).
-7
1 + (3 - -9) + -5
8
What is -37 + 45 - (14 - 3)?
-3
What is -1 + (-3 - (0 + -3)) + -2?
-3
What is 1 + -4 + 2 + 2?
1
What is 2 + (5 - 3 - (1 + -2))?
5
What is the value of 31 - 30 - (0 + -4)?
5
What is the value of 7 - 11 - (-3 + -4 + 3)?
0
Evaluate (-8 - -15) + (-3 - -1).
5
Evaluate (-5 - 0) + 19 + -20.
-6
Evaluate (1 - 1) + -3 + 4.
1
Calculate 12 + -13 + 1 + 5.
5
What is (-11 + 4 - -4) + 3?
0
Calculate -2 - (-59 - -58 - (2 + 3)).
4
What is the value of -57 + 59 + -1 + (-2 - 8)?
-9
Evaluate -2 + (6 - -1) + 1.
6
Calculate (5 - 1) + (-1 - 7).
-4
Calculate -17 + 26 + (-3 - 13).
-7
1 - (20 + -7 + -8)
-4
What is the value of -4 + 1 + (0 - (1 + -2))?
-2
6 + -3 + 2 + -1 + -2
2
What is -4 + (1 + -4 - -2) + 1?
-4
What is the value of (-23 - -16) + 0 + 8 - -4?
5
Calculate 2 - (-8 + 11 + 0 + 1).
-2
(-8 - -5) + 11 - 7
1
What is 1 - (24 - 26 - (-6 - 2))?
-5
(1 - (-5 + 10)) + 0
-4
What is the value of -1 - -5 - (8 - 2)?
-2
What is the value of (-16 - -20) + (-1 - -7) + 1?
11
What is the value of 6 - (-1 - -5) - (0 - 1)?
3
What is (3 + -3 - 0) + -3?
-3
What is the value of (-3 - 2) + 0 + 1?
-4
(1 - 2 - (-6 + 3)) + 1
3
What is the value of -15 + 17 + (-4 - 2)?
-4
Calculate -2 - 0 - (2 - -1 - 5).
0
What is (1 - 1) + 3 + -3 + -3?
-3
What is the value of 0 + -13 - (285 - 299)?
1
What is the value of -1 - -1 - (10 + -1 - 9)?
0
What is 5 + 1 + (10 - 23)?
-7
What is 31 + -35 + 0 + 4?
0
Evaluate -6 + 1 + (1 - -8).
4
-4 + 2 + -2 + 3 + -4
-5
What is the value of (-3 - -4) + (5 - 7) - -3?
2
What is (-7 - (-4 - 1)) + 8?
6
What is 8 - (1 + (-3 - -2 - -6))?
2
Calculate -17 + (26 - 10 - 7).
-8
Calculate -11 - -8 - (0 - 2 - 0).
-1
What is the value of -6 + (11 - (-9 - -16))?
-2
What is the value of 4 + -1 + 2 + -1?
4
Calculate 0 - (-3 - -1) - (-6 + 4).
4
Evaluate -15 - -26 - (23 - 1).
-11
What is 3 - (5 - -1) - 0?
-3
What is the value of 0 - (1 + 0) - (-748 + 740)?
7
Calculate -7 + (2 - (-3 + 1)).
-3
Evaluate 4 - (4 - (-3 - -3)).
0
Calculate 7 + 2 - (-78 + 91).
-4
Evaluate -3 - -1 - (5 - 2).
-5
What is the value of -2 + 5 + 1 - (-2 + 3)?
3
Calculate -2 + -5 + 2 + 6.
1
Evaluate 0 - (-4 - (-8 + 3)).
-1
What is the value of (-1 - -1 - 4) + (-6 - -11)?
1
(-2 - -3) + -6 - -10
5
Calculate 2 + (2 - 0) + -2 + 0.
2
3 + -4 + -2 + 13 - 4
6
9 - 0 - 2 - (-1 - -1)
7
-4 - (-4 + -1 - -1)
0
Calculate (5 - 5) + (12 - 19).
-7
What is the value of 9 + -11 + -7 + 15?
6
Evaluate 1 + (-1 - 3) + (-4 - -7).
0
Evaluate -4 - ((17 - 29) + 9 + -1).
0
What is the value of 2 + (3 - -5) + -2 + 0?
8
Evaluate (-364 - -364) + -1 + 0 + 0.
-1
Evaluate -1 - 1 - -5 - (-4 - -6).
1
Calculate 7 - (0 - -4 - 2).
5
0 + (-6 - (6 + -14))
2
Calculate 2 - 7 - (2 - (0 + 2)).
-5
-10 - (5 + -9) - (0 - 0)
-6
Calculate -4 + 2 + 3 + (2 - 3).
0
What is -7 + 0 + 30 + -25?
-2
What is the value of -22 - -31 - (0 + 6)?
3
2 + -1 + (-5 - -5) + 1
2
Calculate -2 + 2 + -13 + 17.
4
What is the value of (2 - 0 - 13) + 9?
-2
What is the value of -10 + (-17 - -29) + 1 + -12?
-9
Evaluate 6 - (3 + -7 + 11).
-1
What is the value of (-1 - -1) + (-4 - 0)?
-4
What is the value of (-2 - 10) + -18 + 27?
-3
Evaluate (4 - 0) + (-29 - -15) + 14.
4
Calculate 0 + (4 + -7 - 1).
-4
Evaluate 0 - ((1 - 2) + (6 - 4)).
-1
Calculate 3 + (2 - (-4 - -11) - -5).
3
What is the value of 37 - 30 - (-1 - -6)?
2
What is the value of 1 - (3 - -1) - 2?
-5
Evaluate -2 - (10 - (4 - -5)).
-3
Evaluate -4 + (-2 - -2) + 3.
-1
Calculate 5 + (2 - 9) + (3 - 6).
-5
Evaluate 2 + -3 - (3 + -8 - -5).
-1
What is -2 + (-1 - -3) + -5?
-5
Evaluate 15 - 17 - (-1 + 8 + -2).
-7
Calculate 0 + -1 + 0 - -4.
3
Calculate 5 + (-12 - -3) + 0.
-4
What is 8 + -2 - 8 - (-1 - 6)?
5
What is the value of 6 + -2 + (0 - 2 - -3)?
5
(6 - 0) + (0 - (14 - 12))
4
-5 - (0 - (0 + 7 + -1))
1
-4 + 5 + (2 + 1 - 8)
-4
What is -16 - (-12 - 0 - (-6 + 1))?
-9
What is the value of -2 + 3 - 4 - (-15 + 12)?
0
5 + (-7 - -6) + -9
-5
What is the value of -1 - (-9 - -1) - (-1 + 4)?
4
Evaluate 7 + -11 + (2 - 0).
-2
Evaluate (-1 - -7) + (-17 - -11).
0
Calculate 2 + (6 - 8) + (9 - 3).
6
Calculate -6 + (3 - -3) + -5.
-5
2 + -1 + (-1 - 0 - -2)
2
What is the value of -3 - (-6 - (-13 - 2 - -7))?
-